{"id":57,"date":"2014-12-25T15:00:39","date_gmt":"2014-12-25T14:00:39","guid":{"rendered":"http:\/\/mk.kotrla.net\/?page_id=57"},"modified":"2016-03-21T12:24:18","modified_gmt":"2016-03-21T12:24:18","slug":"masf1","status":"publish","type":"page","link":"https:\/\/kotrla.fzu.cz\/?page_id=57","title":{"rendered":"Aplikace statistick\u00e9 fyziky"},"content":{"rendered":"<ul>\n<ul>\n<li>p\u0159edn\u00e1\u0161ka\u00a0<a href=\"https:\/\/is.cuni.cz\/studium\/predmety\/index.php?id=044c409fe204044b1d78843884ed2aad&amp;tid=&amp;do=predmet&amp;kod=NTMF049\">NTMF049<\/a>, je vyu\u010dov\u00e1na v letn\u00edm semestru<\/li>\n<li>Literatura:\n<ul>\n<li>A. L. Barabasi, H. E. Stanley, Fractal Concepts is Surface Growth, Cambridge University Press, Cambridge, 1995<\/li>\n<li>N. G. Van Kampen, Stochastic Processes in Physics and Chemistry, North-Holland, Amsterdam, 1981<\/li>\n<li>M. Newman, Networks: An Introduction, Oxford University Press, 2010.<\/li>\n<li>H. Nishimori, Statistical Physics of Spin Glasses and Information Processing, Oxford University Press, 2001.<\/li>\n<\/ul>\n<\/li>\n<li><a title=\"\" href=\"http:\/\/kotrla.fzu.cz\/?page_id=175\">roz\u0161i\u0159uj\u00edc\u00ed literatura<\/a><\/li>\n<li>Presentace a dal\u0161\u00ed materi\u00e1l (ve form\u00e1tu pdf) pro LS 2016:<\/li>\n<ol>\n<li><a href=\"http:\/\/kotrla.fzu.cz\/wp-content\/uploads\/2014\/12\/2-mrizovy-plyn.pdf\">P\u0159echod p\u00e1ra kapalina (m\u0159\u00ed\u017eov\u00fd plyn + exponenty)<\/a><\/li>\n<li>P\u0159echod po\u0159\u00e1dek nepo\u0159\u00e1dek -bin\u00e1rn\u00ed slitina, viz nap\u0159. M. Plischke and B. Bergersen: Equilibrium Statistical Physics, World Scientific, 1994 (2. vydani) str. 69-74, resp. 3. vydani) str. 110-114<\/li>\n<li><a href=\"http:\/\/kotrla.fzu.cz\/wp-content\/uploads\/2014\/12\/rozhrani-KMC.pdf\">Rozhran\u00ed + KMC<\/a><\/li>\n<\/ol>\n<\/ul>\n<\/ul>\n<p><!--\n\t\n\n<li>p\u00e1r \u00faloh - TODO<\/li>\n\n\n--><\/p>\n","protected":false},"excerpt":{"rendered":"<p>p\u0159edn\u00e1\u0161ka\u00a0NTMF049, je vyu\u010dov\u00e1na v letn\u00edm semestru Literatura: A. L. Barabasi, H. E. Stanley, Fractal Concepts is Surface Growth, Cambridge University Press, Cambridge, 1995 N. G. Van Kampen, Stochastic Processes in Physics and Chemistry, North-Holland, Amsterdam, 1981 M. Newman, Networks: An Introduction, Oxford University Press, 2010. H. Nishimori, Statistical Physics of Spin Glasses and Information Processing, [&hellip;]<\/p>\n","protected":false},"author":2,"featured_media":0,"parent":32,"menu_order":0,"comment_status":"closed","ping_status":"closed","template":"","meta":[],"_links":{"self":[{"href":"https:\/\/kotrla.fzu.cz\/index.php?rest_route=\/wp\/v2\/pages\/57"}],"collection":[{"href":"https:\/\/kotrla.fzu.cz\/index.php?rest_route=\/wp\/v2\/pages"}],"about":[{"href":"https:\/\/kotrla.fzu.cz\/index.php?rest_route=\/wp\/v2\/types\/page"}],"author":[{"embeddable":true,"href":"https:\/\/kotrla.fzu.cz\/index.php?rest_route=\/wp\/v2\/users\/2"}],"replies":[{"embeddable":true,"href":"https:\/\/kotrla.fzu.cz\/index.php?rest_route=%2Fwp%2Fv2%2Fcomments&post=57"}],"version-history":[{"count":29,"href":"https:\/\/kotrla.fzu.cz\/index.php?rest_route=\/wp\/v2\/pages\/57\/revisions"}],"predecessor-version":[{"id":491,"href":"https:\/\/kotrla.fzu.cz\/index.php?rest_route=\/wp\/v2\/pages\/57\/revisions\/491"}],"up":[{"embeddable":true,"href":"https:\/\/kotrla.fzu.cz\/index.php?rest_route=\/wp\/v2\/pages\/32"}],"wp:attachment":[{"href":"https:\/\/kotrla.fzu.cz\/index.php?rest_route=%2Fwp%2Fv2%2Fmedia&parent=57"}],"curies":[{"name":"wp","href":"https:\/\/api.w.org\/{rel}","templated":true}]}}