{"id":78,"date":"2014-12-25T15:11:26","date_gmt":"2014-12-25T14:11:26","guid":{"rendered":"http:\/\/mk.kotrla.net\/?page_id=78"},"modified":"2021-05-28T11:11:08","modified_gmt":"2021-05-28T11:11:08","slug":"pokrocile-simulace-ve-fyzice-mnoha-castic","status":"publish","type":"page","link":"https:\/\/kotrla.fzu.cz\/?page_id=78","title":{"rendered":"Pokro\u010dil\u00e9 simulace ve fyzice mnoha \u010d\u00e1stic"},"content":{"rendered":"<h3>Pokro\u010dil\u00e9 simulace ve fyzice mnoha \u010d\u00e1stic<\/h3>\n<p><strong>Prezentace pro LS 2021<\/strong><\/p>\n<ol>\n<li><a href=\"http:\/\/kotrla.fzu.cz\/wp-content\/uploads\/2021\/05\/Modely_vyvoje-epidemie-pozary-BSmodel.pdf\">Modely v\u00fdvoje<\/a>: epidemie, po\u017e\u00e1ry, Bak-Sneppen model<\/li>\n<li><a href=\"http:\/\/kotrla.fzu.cz\/wp-content\/uploads\/2021\/05\/modelovani_fraktalu.pdf\">Modelov\u00e1n\u00ed frakt\u00e1l\u016f<\/a> ; <a href=\"http:\/\/kotrla.fzu.cz\/wp-content\/uploads\/2021\/05\/modelovani-rustu_krystalu.pdf\">R\u016fst krystal\u016f<\/a><\/li>\n<li><a href=\"http:\/\/kotrla.fzu.cz\/wp-content\/uploads\/2021\/05\/KMC-2I.pdf\">Kinetick\u00e9 Monte Carlo<\/a><\/li>\n<li>Kvantov\u00e9 simulace:\u00a0\u00a0 <a href=\"http:\/\/kotrla.fzu.cz\/wp-content\/uploads\/2021\/05\/kvant-12.5.2021-cast1.pdf\">(1. \u010d\u00e1st)<\/a> \u00a0 &#8212; <a href=\"http:\/\/kotrla.fzu.cz\/wp-content\/uploads\/2021\/05\/kvant-12.5.2021-cast2.pdf\">(2. \u010d\u00e1st)<\/a><br \/>\n<hr \/>\n<\/li>\n<\/ol>\n<ul>\n<li>\n<hr \/>\n<\/li>\n<li><strong>Podp\u016frn\u00e9 prezentace pro LS 2017, neobsahuj\u00ed nutn\u011b v\u0161echny informace z p\u0159edn\u00e1\u0161ek, u\u017eijte t\u00e9\u017e skripta a sv\u00e9 pozn\u00e1mky.<\/strong><\/li>\n<li><strong><strong>Presentace:<\/strong><\/strong>\n<ol>\n<li>Slidy z \u00favodn\u00ed p\u0159edn\u00e1\u0161ky \u2013 <a href=\"http:\/\/kotrla.fzu.cz\/wp-content\/uploads\/2014\/12\/uvod2017-DLA.pdf\">uvod2017<\/a><\/li>\n<li>Simulace r\u016fstu rozhran\u00ed,\u00a0 kinetick\u00e9 MC &#8211; <a href=\"http:\/\/kotrla.fzu.cz\/wp-content\/uploads\/2014\/12\/KMC17www.pdf\">KMC2017<\/a><\/li>\n<li>Kvantov\u00e9 simulace &#8211;\u00a0 <a href=\"http:\/\/kotrla.fzu.cz\/wp-content\/uploads\/2014\/12\/kvant-sim17.pdf\">kvant-sim17<\/a><\/li>\n<\/ol>\n<\/li>\n<\/ul>\n<ul>\n<li>N\u00e1stin obsahu:\n<ol>\n<li>\u010casov\u011b z\u00e1visl\u00e9 a nerovnov\u00e1\u017en\u00e9 simulace: simulace r\u016fstu krystal\u016f a nanostruktur, v\u00fdpo\u010det dif\u00fazn\u00ed konstanty, &#8230;<\/li>\n<li>Kinetick\u00e9 Monte Carlo: v diskr\u00e9tn\u00edm prostoru, ve spojit\u00e9m prostoru<\/li>\n<li>Kvantov\u00e9 simulace: kanonick\u00e9 MC, znam\u00e9nkov\u00fd probl\u00e9m, &#8230;<\/li>\n<li>Multi\u0161k\u00e1lov\u00e9 simulace: typy, p\u0159\u00edklady<\/li>\n<li>Etc. dle z\u00e1jmu<\/li>\n<\/ol>\n<\/li>\n<li>Mo\u017en\u00e9 \u00falohy k MC simulac\u00edm:\n<ol>\n<li>R\u016fst sn\u011bhov\u00e9 vlo\u010dky &#8211; <a href=\"http:\/\/kotrla.fzu.cz\/?page_id=291\">frakt\u00e1ln\u00ed dimenze vytvo\u0159en\u00e9ho klastru<\/a><\/li>\n<li>Po\u017e\u00e1r pralesa &#8211; <a href=\"http:\/\/kotrla.fzu.cz\/?page_id=303\">po\u017e\u00e1r<\/a><\/li>\n<li>Optimaliza\u010dni \u00falohy &#8211; <a href=\"http:\/\/kotrla.fzu.cz\/?page_id=310\">probl\u00e9m obchodn\u00edho cestuj\u00edc\u00edho, <\/a> <a href=\"http:\/\/kotrla.fzu.cz\/?page_id=313\">ukl\u00e1n\u00e1n\u00ed soubor\u016f. <\/a><\/li>\n<li>V\u00fdvoj rozhran\u00ed &#8211; <a href=\"http:\/\/kotrla.fzu.cz\/?page_id=317\">sedimentace v gravita\u010dn\u00edm poli, balistick\u00e1 depozice<\/a><\/li>\n<li>&#8230;<\/li>\n<\/ol>\n<\/li>\n<\/ul>\n","protected":false},"excerpt":{"rendered":"<p>Pokro\u010dil\u00e9 simulace ve fyzice mnoha \u010d\u00e1stic Prezentace pro LS 2021 Modely v\u00fdvoje: epidemie, po\u017e\u00e1ry, Bak-Sneppen model Modelov\u00e1n\u00ed frakt\u00e1l\u016f ; R\u016fst krystal\u016f Kinetick\u00e9 Monte Carlo Kvantov\u00e9 simulace:\u00a0\u00a0 (1. \u010d\u00e1st) \u00a0 &#8212; (2. \u010d\u00e1st) Podp\u016frn\u00e9 prezentace pro LS 2017, neobsahuj\u00ed nutn\u011b v\u0161echny informace z p\u0159edn\u00e1\u0161ek, u\u017eijte t\u00e9\u017e skripta a sv\u00e9 pozn\u00e1mky. Presentace: Slidy z \u00favodn\u00ed p\u0159edn\u00e1\u0161ky \u2013 [&hellip;]<\/p>\n","protected":false},"author":2,"featured_media":0,"parent":32,"menu_order":0,"comment_status":"closed","ping_status":"closed","template":"","meta":[],"_links":{"self":[{"href":"https:\/\/kotrla.fzu.cz\/index.php?rest_route=\/wp\/v2\/pages\/78"}],"collection":[{"href":"https:\/\/kotrla.fzu.cz\/index.php?rest_route=\/wp\/v2\/pages"}],"about":[{"href":"https:\/\/kotrla.fzu.cz\/index.php?rest_route=\/wp\/v2\/types\/page"}],"author":[{"embeddable":true,"href":"https:\/\/kotrla.fzu.cz\/index.php?rest_route=\/wp\/v2\/users\/2"}],"replies":[{"embeddable":true,"href":"https:\/\/kotrla.fzu.cz\/index.php?rest_route=%2Fwp%2Fv2%2Fcomments&post=78"}],"version-history":[{"count":68,"href":"https:\/\/kotrla.fzu.cz\/index.php?rest_route=\/wp\/v2\/pages\/78\/revisions"}],"predecessor-version":[{"id":876,"href":"https:\/\/kotrla.fzu.cz\/index.php?rest_route=\/wp\/v2\/pages\/78\/revisions\/876"}],"up":[{"embeddable":true,"href":"https:\/\/kotrla.fzu.cz\/index.php?rest_route=\/wp\/v2\/pages\/32"}],"wp:attachment":[{"href":"https:\/\/kotrla.fzu.cz\/index.php?rest_route=%2Fwp%2Fv2%2Fmedia&parent=78"}],"curies":[{"name":"wp","href":"https:\/\/api.w.org\/{rel}","templated":true}]}}